1 = a. What are the prime factors of d?
5
Suppose 2*k + 1 = 59. What are the prime factors of k?
29
Suppose -3*m + 113 = -5*k - 102, -4*m + 43 = -k. Let h = k - -60. Suppose 3*a + 35 = 5*y, 2*y + h = -0*a - 5*a. What are the prime factors of y?
2
Let r(f) = 5*f. Let o be r(1). Suppose l = -o*j + 2, -4*l = 4*j - 8 - 0. Suppose 0 = -l*p + 4*u + 9 + 5, -6 = -4*p - 3*u. List the prime factors of p.
3
Let c = -59 + 87. What are the prime factors of c?
2, 7
Suppose -5*o - 11 = x, -o + 0*o = 2*x + 13. Let i(b) = b**3 + 7*b**2 + 7*b + 4. Let s be i(x). What are the prime factors of (-1)/(-2)*(-44)/s?
11
Let y = -4 - -18. Let k = -3 + 4. Suppose 0 = -3*s + k + y. List the prime factors of s.
5
Suppose 4*h = -2*v - v + 2, 0 = v - 4*h - 6. Suppose v*q - 15 = -3*q. Suppose 0 = q*x - 3 - 6. List the prime factors of x.
3
Suppose 5*s + 118 = 3*q, 3*q + 9 = -3. Let z = s + 41. List the prime factors of z.
3, 5
Let c = 19 - 14. What are the prime factors of c?
5
Suppose 20 = -0*w + 4*w. Suppose -2*f - 54 = -w*f. What are the prime factors of f?
2, 3
Suppose -2*z - z = 9. What are the prime factors of ((-10)/4 - z)*6?
3
Let d = 87 - -89. What are the prime factors of d?
2, 11
Suppose 0 = w + 7 - 30. What are the prime factors of w?
23
Suppose 12 = -3*v + 7*v. Suppose v*k + g - 14 = 0, -k - 2*g = k - 12. List the prime factors of k.
2
Let q = -44 - -97. Suppose 6*n - n = -5*r + 35, -4*n - q = -5*r. What are the prime factors of r?
3
Suppose -3*z = 5*i + 14, -5*i - 3 = -2*i. Let p = 0 - z. Suppose -j + 24 = -p*l, -29 = -3*j - l + 23. List the prime factors of j.
2, 3
Let k(h) = h**3 - 7*h**2 + 6*h + 5. Suppose u - 2 = 1. Suppose -5*w = -u*w + g - 12, -5*w - 4*g + 30 = 0. What are the prime factors of k(w)?
5
Suppose 24 = -4*f - 0*f. Let k(a) = a**3 + 6*a**2 - a - 1. List the prime factors of k(f).
5
Let j(s) = s**2 - 8*s + 4. Let o be j(7). Let h = -5 - o. List the prime factors of 1 + (-42)/h + 0.
2, 11
Let l be 1*(-1)/2*2. List the prime factors of 11 - (0 - (-1)/l).
2, 3
Suppose -5*m - 3*l = -149 - 168, -3*m + 179 = -l. List the prime factors of m.
61
Let x(s) = -3*s**3 + 4*s**2 + 12. List the prime factors of x(-4).
2, 67
List the prime factors of 139 - (-2 + (-24)/(-6)).
137
Let j(x) = 2*x + 1. Let d be j(6). Suppose 2*u - 21 = -3*o, o - d = -5*u - 6. Suppose 1 + o = 4*w. What are the prime factors of w?
2
Let u(z) = z**3 - 8*z - 8*z**2 + z**2 - 1 - 2*z**2. List the prime factors of u(10).
19
Suppose d = -57 + 11. Suppose -4 - 4 = -4*n. List the prime factors of d/(-10) - n/(-5).
5
Suppose -2*f = -3*f - 11. Let g(c) = -c**2 - 13*c - 7. What are the prime factors of g(f)?
3, 5
Suppose 0 = 5*i - 5, -2*s - 3*i = 2*s - 251. List the prime factors of s.
2, 31
Let k be (-10)/1*(-1)/2. Suppose k = f - 16. List the prime factors of f.
3, 7
Suppose 2*z + 7 = 3. Let t be (z - (-2 - -3)) + 5. Suppose -2*s - t*s - 2*d + 32 = 0, 2*s + 4*d - 28 = 0. What are the prime factors of s?
2, 3
Let n = -11 - -22. List the prime factors of n.
11
Let k(x) = -19*x**3 - x**2. Let u(q) = -q**2 + 9*q - 6. Let a be u(8). Suppose a*l = 3*l + 1. List the prime factors of k(l).
2, 3
Let t be 6/(-4)*(-22)/3. Suppose -6*u - 110 = -t*u. What are the prime factors of u?
2, 11
Let s(l) = -3 + 1 - 3 + 3 + l. Let h be s(4). Suppose -26 = -h*a + 6. What are the prime factors of a?
2
List the prime factors of 132/5 - 22/55.
2, 13
Let s be 0/1 + -6 + 6. Let i = 2 - -4. Let y = i - s. What are the prime factors of y?
2, 3
Let l(r) = -1. Let p(n) = 3*n**2 + 4 + 10*n - 4*n**2 + 5 - n. Let k(j) = -2*l(j) + p(j). What are the prime factors of k(8)?
19
Let l(b) = b - 3. Let m be l(6). Suppose m*r - 96 = -r. What are the prime factors of r?
2, 3
Let n(i) = -i**3 - 7*i**2 - 6*i + 3. Let c be n(-6). Suppose -c*m = 3*m - 282. What are the prime factors of m?
47
What are the prime factors of 145/(-5)*(-2)/2?
29
Let u be 12/(-30) - 124/(-10). Let a = u - 9. Suppose 0*n - 3*c + a = 5*n, -4*n = c - 8. List the prime factors of n.
3
Suppose -j = 3*j - 56. List the prime factors of j.
2, 7
Let n(s) = -s + 5. Let z be n(4). Suppose 4*u = 5*u - z. What are the prime factors of (13 - 0) + (-2)/u?
11
Let u be 62/2*(1 + 0). Suppose -5*a + 145 = 5*m, -m = 4*a - u + 5. What are the prime factors of m?
2, 3, 5
Suppose -2*d = -4*d - 14. Let x be 0 - (-1)/(-1 + 0). List the prime factors of (d + x)*(-3)/6.
2
Suppose 3 + 0 = d. Suppose -2*m - 3*m - d*h = -25, 2*m = h - 1. Suppose m = -5*i - 2*t + 6, 2*i = -t + 1. List the prime factors of i.
2
Suppose -2*g = 2*g + 8. Let z be -24*(g + (-8)/(-6)). List the prime factors of (-4)/z - 25/(-4).
2, 3
Suppose -2*a - 4*y = -6*y - 64, -154 = -5*a + 2*y. Suppose -4*k = -6*k + a. List the prime factors of k.
3, 5
Suppose -3*h + 343 + 269 = 0. What are the prime factors of h?
2, 3, 17
Let o = -14 + 10. List the prime factors of 1 + o - -12*1.
3
What are the prime factors of (-886)/(-7) - (-2 - 55/(-35))?
127
Let o(h) = -1 - 5*h**2 + h**2 + 5*h**2 - 3*h. What are the prime factors of o(5)?
3
Suppose -3*j = -4*j. Let h = 10 - j. What are the prime factors of h?
2, 5
Let r be (4/5)/((-2)/(-5)). Suppose 4*d + 10 = -i + r, 0 = -i + 3*d + 27. Let k = i + 0. List the prime factors of k.
2, 3
Let w(c) = c**2 + 2. Let v(s) = s**2 - 5*s - 8. Let j be v(6). What are the prime factors of w(j)?
2, 3
Suppose 0 + 6 = 2*c. Let l be c/((-6)/(-2)) - -9. What are the prime factors of ((-3)/(-1))/6*l?
5
Suppose -2*o + 43 = -9. What are the prime factors of o?
2, 13
Suppose 5*f + 165 = -135. Let j be 2/(-7) - f/14. Suppose 20 = 3*g + x - 20, 0 = -g + j*x - 4. List the prime factors of g.
2, 3
Suppose 0 = -4*u - 6*u + 1480. List the prime factors of u.
2, 37
Suppose 3*z = 3*q - 3 + 18, 0 = -3*q + z - 13. What are the prime factors of (-4)/1*6/q?
2, 3
Suppose -3*s + 17 = -4*w - 9, -16 = -3*s + 2*w. Suppose 18 = -s*r + 66. Suppose -2*f - f = -r. List the prime factors of f.
2
List the prime factors of 6*(((-28)/(-3))/4 + 0).
2, 7
Let o(u) = -u**3 - 7*u**2 - 7*u - 6. Let q be o(-6). Suppose y - 4*y + 9 = q. List the prime factors of y.
3
Suppose 2 = 4*d - 3*z + 3, -2*z = -5*d - 10. Let t = d + -2. List the prime factors of (-4 + 6)*t/(-4).
3
Let v be -1*1 - (-9 + -2). Suppose 6*q - q = -5*l + 75, 0 = 2*l - 3*q - v. Let r = 0 + l. What are the prime factors of r?
11
Let t be (1 + 44)*5/15. Let n = 30 - t. List the prime factors of n.
3, 5
Let z = 37 + -18. List the prime factors of z.
19
Suppose -2*z + 4 = 3*f - 6, 3*z + 2 = 4*f. List the prime factors of (-16)/10*(-5)/f.
2
Let z(a) = a**2 - 6*a + 6. Let v(m) = -2*m**2 + 9*m - 9. Let c(r) = -5*v(r) - 8*z(r). What are the prime factors of c(3)?
2, 3
Let j = -7 - -10. Suppose -8 - 1 = -j*s. List the prime factors of s.
3
Suppose -3*v + 2*v = -62. List the prime factors of v.
2, 31
Suppose 0*u = 2*u. Let c be (-1 + u)*(6 + -3). List the prime factors of (-1)/((3/11)/c).
11
Suppose -w - 4*y = -7, -5*w + y + 13 = -y. Suppose 2*m - 22 = -d - w*d, -5*m = 3*d - 48. Let h = m + 3. What are the prime factors of h?
2, 3
Let w be 1 - (-9 + 3 + 4). What are the prime factors of (w + 1 - 2) + 1?
3
Let a be 10 + -3 + -2 - -1. Suppose 3*y = a*y - 15. Suppose -25 = -y*v, -3*o + v + 2*v + 6 = 0. List the prime factors of o.
7
Suppose v + 0*v = -5*u - 13, -2*u = 4*v - 2. Suppose -119 + 43 = -4*t. Suppose v*b = t + 5. What are the prime factors of b?
2, 3
Suppose -10 = -r + k, 2*k + 2*k + 28 = 2*r. Let x(d) = d**3 + d**2 + 2*d + 3. Let m be x(-2). What are the prime factors of r + m - (1 + -3)?
3
Suppose p = -0*p - 45. Let g = -28 - p. Suppose 5*x - 2*s - 49 = g, -4*x - 4*s + 36 = 0. List the prime factors of x.
2, 3
What are the prime factors of (-48)/(-5)*(-2 + 7)?
2, 3
List the prime factors of ((6 - 1) + -4)*43.
43
Suppose y - 3 = 0, 5*g - 49 = -3*y - 0*y. Let i = -6 + g. Suppose 19 = -0*s + 3*s + 5*u, i*s = 5*u - 4. What are the prime factors of s?
3
Suppose r - v = 129, 2*r + 2*r = -4*v + 476. What are the prime factors of r?
2, 31
Suppose -4*x = -5*p - 0 - 61, -5*x = 2*p - 101. Let q = -9 + x. List the prime factors of q.
2, 5
Suppose 0 = -j + 9 + 3. List the prime factors of j.
2, 3
Let x = -62 + 118. What are the prime factors of x?
2, 7
Suppose 5*b - 14 = 1. What are the prime factors of (-1 - -2 - b)*-17?
2, 17
Suppose -2*a = 5*o - 56, 4*o = a - 2*a + 34. List the p